vided by 15?
13
Suppose 5*k = 6*k - 17. Calculate the remainder when 50 is divided by k.
16
What is the remainder when (-31)/(-4) - (-12)/(-16) is divided by 1/((-1)/(-4)) + 0?
3
Let m = 32 + -45. Let a = -7 - m. What is the remainder when 3 - (a/(-2) + -3) is divided by 5?
4
Let m(f) = 2*f - 2. Let k be m(2). Suppose -j = k*j - 12. What is the remainder when 11 is divided by j?
3
Suppose 5*v - 93 = 2. Let d be ((-2)/2)/((-1)/9). Suppose -5 - d = -2*j. Calculate the remainder when v is divided by j.
5
Let a be 1*11*(5 - 4). Let i = -5 + a. What is the remainder when 10 is divided by i?
4
Let a(c) = -36*c**3 + 0*c**3 - 6*c**2 + 1 + c + 5*c**2. Let z(x) = -x**2 + 12. What is the remainder when a(-1) is divided by z(0)?
11
Let u(q) = -q + 11. What is the remainder when 54 is divided by u(-3)?
12
Let q = 35 - 5. What is the remainder when 117 is divided by q?
27
Suppose 2*u = -g + 127, 0 = 3*g - 1 - 8. Calculate the remainder when 122 is divided by u.
60
Suppose 4*o + 6 - 2 = 0, 59 = -2*a - 5*o. What is the remainder when (1/(-3))/(1/a) is divided by 4?
1
Let z = 12 + 1. Suppose -11 = -4*s + z. Suppose -3*r + 83 = 32. What is the remainder when r is divided by s?
5
Suppose -5*i + 10 = -5. Let x(v) = 11*v - 2. Suppose 0 = -2*w + 32. What is the remainder when x(i) is divided by w?
15
Calculate the remainder when -4 + (-13)/(-3) + (-263)/(-3) is divided by 23.
19
Suppose 2*i - 110 = -3*i. What is the remainder when 42 is divided by i?
20
Let c(y) = -y - 4. Let d be c(-5). Let v = d - -1. What is the remainder when 6 is divided by v?
0
Calculate the remainder when 9/21*4*7 is divided by (5/1)/(1/1).
2
Suppose 2*u - 119 = 3*f + 2*f, 5*u = 2*f + 266. What is the remainder when u is divided by 14?
10
Suppose -2*n = -2*u + u - 25, 0 = 2*n - 5*u - 21. What is the remainder when 25 is divided by n?
12
Let h = 3 + 0. Suppose 4*r = h*r + 4*s, 4*r - 63 = -5*s. Suppose 5*b = -5*q + 125, -3*q + 4*b = 7 - 61. Calculate the remainder when q is divided by r.
10
Suppose 3*f - 3*o = 72, 14 - 87 = -3*f + 2*o. What is the remainder when 66 is divided by f?
16
Suppose 2*m - 13 = -a - 0, 2*m - 4 = 0. Calculate the remainder when 53 is divided by (-84)/(-8)*12/a.
11
Suppose 2*w - 42 = 2*t, 0 = -4*w + 11*t - 9*t + 80. Calculate the remainder when 49 is divided by w.
11
What is the remainder when 19 is divided by (5 - 120/56)/(4/14)?
9
Let u be 3/2 + 2/4. Suppose -5*q - u*o = -117, -o + 42 = 2*q + o. Let n(k) = k**3 - 7*k**2 + 9*k - 9. Calculate the remainder when q is divided by n(6).
7
Let l(o) = -1 + 0*o + 0 + 2*o - 3*o. What is the remainder when 10 is divided by l(-7)?
4
Let i(o) = -o**2 + 16*o + 3. Calculate the remainder when 100 is divided by i(12).
49
Suppose -5*r - 4 = -64. Suppose 10 = -2*p, 2*p + 115 = 4*a - a. What is the remainder when a is divided by r?
11
What is the remainder when 19 is divided by ((-10)/(-4))/(5/10)?
4
Let q = 12 - 1. Let h(x) = -x + 4. Let n be h(0). What is the remainder when q is divided by 8*n/(-32)*-6?
5
Suppose -2*x + 23 = -5*p, 0 = 4*x - 2*x - p - 11. Let q(h) = -h + 9. Calculate the remainder when q(x) is divided by 3.
2
Let o = -53 + -19. Let m = o + 127. What is the remainder when m is divided by 29?
26
Let z(y) be the first derivative of -y**3/3 - y**2/2 + 17*y - 3. Calculate the remainder when 33 is divided by z(0).
16
Suppose -4*w + 58 = f, 4*w - 15 = -3*f + 39. Calculate the remainder when 36 is divided by w.
6
Suppose -68 = -7*j + 16. Let q(f) = 2 - 4*f - 7*f + 4*f. What is the remainder when q(-3) is divided by j?
11
Let c(g) = 2*g**3 - 1 + 2*g**3 + 3*g - 3*g**3 - g**2. Suppose 0 = -4*t + j + 1 + 5, j - 2 = 0. Calculate the remainder when c(t) is divided by 5.
4
Let z(t) = -4*t. What is the remainder when z(-1) is divided by 3?
1
Let h = 3 + 5. Suppose 4*o - 107 = -5*f, -5*f - 3*o = -7*o - 83. What is the remainder when f is divided by h?
3
Let f(g) = 139*g**3 - 1. What is the remainder when f(1) is divided by 35?
33
Suppose f = j + 32, 0*j - 122 = -4*f + 2*j. Let x be (-11)/((-1)/(-12)*4). Let i = -18 - x. Calculate the remainder when f is divided by i.
14
Let n(w) = -w**2 + 5*w + 1. Let v be n(4). Suppose 5*i + 0*r = -5*r + 35, -v*i + 3*r + 75 = 0. What is the remainder when 4/6 - 582/(-18) is divided by i?
9
What is the remainder when 6 is divided by 6 + (-1 - (-6)/(-5 - -2))?
0
Let j(n) = -7 - 4*n + 4*n**2 + 3*n**2 + 9 - 3. Calculate the remainder when j(-3) is divided by 19.
17
Suppose 0 = -0*m + 4*m - 244. What is the remainder when m is divided by 16?
13
Let t(n) = n**2 + 7*n - 10. Let p be t(5). Suppose -31 - p = -3*m. Calculate the remainder when m is divided by 15.
12
Let k(l) = 16*l**2 - 3*l - 3. Calculate the remainder when 63 is divided by k(-1).
15
Let z = 81 - 49. Let o = 21 + -10. Calculate the remainder when z is divided by o.
10
Let g be 5/(-2)*18/(-15). Let b = 23 - 10. What is the remainder when b is divided by 6/g + 0 + 3?
3
Let z be (-2)/(-9) - (-32)/18. Suppose -4*u + z*u = -10. Let b = 1 - -2. Calculate the remainder when u is divided by b.
2
Let x(q) = -q + 1. Calculate the remainder when 27 is divided by x(-9).
7
Let z = 95 - 58. Suppose 2*u - 35 = z. Let l = 61 + -42. Calculate the remainder when u is divided by l.
17
Suppose 8*m = -m + 54. What is the remainder when 11 is divided by m?
5
Let h(f) = -f**3 - 9*f**2 + 9*f - 10. Let w be h(-10). Suppose -6*n + 7*n - 52 = w. Let v = -15 + 33. What is the remainder when n is divided by v?
16
Let d(h) be the third derivative of h**6/120 + h**5/12 + h**4/8 - h**3/2 - 6*h**2. Calculate the remainder when 23 is divided by d(-3).
5
Let r(x) = -x**2 - 6*x - 5. Let u be r(-6). Let k be ((-56)/10)/(1/(-5)). Let i = u + k. What is the remainder when i is divided by 6?
5
Let r(q) = -q**3 - 7*q**2 + 7*q + 2. What is the remainder when 15 is divided by r(-8)?
5
Let x = 141 - 68. Suppose -8 = -3*p + x. Calculate the remainder when p is divided by 15.
12
Suppose -3*f = x + 2*x - 87, -3*x + 4*f + 66 = 0. Calculate the remainder when 101 is divided by x.
23
Suppose 0 = 3*j - 3*d - 249, -3*d - d - 16 = 0. What is the remainder when j is divided by 27?
25
Suppose 3*m - 11 = h + 91, h = 4*m - 135. What is the remainder when m is divided by 18/(-15)*(-90)/12?
6
Let b be (-22 + -2)*3/2. Let g = b - -57. What is the remainder when 62 is divided by g?
20
Let d(l) = l**3 + 5*l**2 - 7*l. Let u be d(-6). Suppose 2*k = u*k - 136. What is the remainder when k is divided by 12?
10
Let h(v) = v**2 - v + 1. What is the remainder when h(6) is divided by 12?
7
Let r(h) = -5*h - 2. Let n be r(-10). What is the remainder when 114/(-8)*n/(-18) is divided by 13?
12
Suppose 3 = l - 9. Calculate the remainder when 14 is divided by (-46)/(-6) + 4/l.
6
Let z = 10 - 12. Calculate the remainder when 75 is divided by z/(2/(-52)*2).
23
Let u = -53 + 59. What is the remainder when 20 is divided by u?
2
Suppose -o = -11 - 0. Let j be 1/5 + (-1572)/(-15). Suppose -4*i + 84 = f, -4*i = i + 2*f - j. What is the remainder when i is divided by o?
10
Let v(f) = 2*f + 1. Calculate the remainder when 25 is divided by v(4).
7
Let q(o) = 8*o - 37. Calculate the remainder when q(13) is divided by 17.
16
Suppose -j + 4*j - 5*l - 32 = 0, 2*l = -8. Suppose q = -g + 4*q - 3, j = q. What is the remainder when g is divided by 5?
4
Let f(q) = 10*q - 7. What is the remainder when 42 is divided by f(3)?
19
Suppose -3*m = -2*j - 16, -2*m + 5*j + 0*j = -7. What is the remainder when 29 is divided by m?
5
Let n = -39 - -57. What is the remainder when 33 is divided by n?
15
Suppose 18 + 18 = 4*d. Suppose 15 + d = 3*o. Calculate the remainder when 14 is divided by o.
6
Let h = -2 - -3. Calculate the remainder when 2/6*(400 - h) is divided by 34.
31
Let j(l) = l**3 + 5*l**2 + 4*l - 1. Let z be j(-3). Suppose z*d - 6*d + 7 = -2*m, -4*m = -8. Let g = -24 + 45. What is the remainder when g is divided by d?
10
Let b = 25 - 31. Let u(h) = h**2 + 4*h - 3. Calculate the remainder when 25 is divided by u(b).
7
Let z = 11 - 5. Let t = 15 - 7. Let d = t + -4. What is the remainder when z is divided by d?
2
Let l(c) = -c + 4. Suppose -j + 2*j = -4*q + 28, -2*q - 5*j + 14 = 0. Calculate the remainder when q is divided by l(0).
3
Let h(y) = -2*y**3 - 5*y**2 - 4*y - 2. Calculate the remainder when h(-3) is divided by 7.
5
Suppose -